t of i?
5
Suppose 0 = -17*l + 70297 + 126070. What is the tens digit of l?
5
Suppose 0 = 5*t - 3*d + 1194, -d + 6 = 4*t + 951. Let w be -1 + -2 - 23*4. Let i = w - t. What is the hundreds digit of i?
1
Suppose -3*a + 3*c - 74 - 19 = 0, 2*c = 10. Let g = 33 + a. Suppose -d - 3*j + g*j + 3 = 0, 0 = -5*j + 20. What is the tens digit of d?
1
Let b be 0 + 1 - -30 - (2 - 0). Let p(v) = -2*v + 62. Let r be p(b). Suppose -3*m = -r*g - 124 + 1070, -5*g + 1198 = 4*m. What is the tens digit of g?
3
Let p = 1 + 23. Let c(s) = -7*s**2 + 51*s**3 + 7*s**2 + p*s**3. What is the tens digit of c(1)?
7
Let o(z) = -z**2 - 18*z - 12. Let n be o(-17). Let a be 3/(-5) + 2038/n. Suppose -10*b + 3167 = a. What is the tens digit of b?
7
Let b = 27 - 22. Suppose b*h - 309 - 311 = 0. Let l = h - 61. What is the units digit of l?
3
Let c be (-9)/(-12)*2*6. Let g(y) = -5 + y + 0*y - c*y - y**3 + 9*y**2. What is the units digit of g(5)?
5
Let i(s) be the first derivative of 2*s**3/3 - 3*s**2 - 17*s - 138. What is the tens digit of i(-10)?
4
Let o be (-15)/(-6)*(-20)/(-25). Let v be (-4)/o - (-10 - (-1 - 0)). Suppose -g - 546 = -v*g. What is the units digit of g?
1
Let p = 24 + 1. Let v = p - -310. What is the units digit of v?
5
Suppose 4*y = -4, 17 = m - 2*y - 11. Let j(n) = n**3 - 24*n**2 + n - 50. What is the tens digit of j(m)?
2
Let i(f) = 47*f + 5. Let d(t) = -139*t - 13. Let w(s) = -3*d(s) - 8*i(s). What is the units digit of w(29)?
8
Let y be (20/35 - (-325)/(-140))*-92. Suppose -471 = -2*l - l - 3*o, l + 2*o = y. What is the hundreds digit of l?
1
Let t(k) = -192*k**3 + 5*k**2 + 40*k + 18. What is the units digit of t(-6)?
0
Suppose 5*t - 25093 - 6558 = -m, -3*t = -18. What is the hundreds digit of m?
6
Suppose -25 = -11*w - 58. Let s(t) = -171*t + 48. What is the tens digit of s(w)?
6
Let p(w) = -4*w**2 - 10*w + 12. Let h(z) = 4*z**2 + 11*z - 12. Let a(i) = -3*h(i) - 4*p(i). Let b be a(-6). Let o = b - 34. What is the tens digit of o?
5
Let i = 53 - 59. What is the hundreds digit of 358*(-6)/i + -6?
3
Suppose u + 37 = 4*n, 6*n = 4*n + 10. Let y = 11 + u. Let b(s) = -s**3 - s**2 - 9*s - 1. What is the hundreds digit of b(y)?
2
Let s(h) = 287*h**2 - 159*h + 1661. What is the tens digit of s(10)?
7
Let j = -577 + 3352. Let z = 3995 - j. What is the units digit of z?
0
Let q(r) = 167*r**3 - 13*r**2 + 54*r - 52. What is the hundreds digit of q(5)?
7
Let u = -47 + 64. Suppose 19*m - 1662 = u*m. What is the hundreds digit of m?
8
Suppose 0 = -33*o + 72*o - 21528. Suppose 2*r + r + 1065 = -2*a, 4*r = 2*a - 1420. Let s = o + r. What is the hundreds digit of s?
1
Let f = -16 + 25. Suppose 2*j = -2*o + 4*o, -o + f = 2*j. Let c(q) = 5*q**2 - 6*q + 9. What is the tens digit of c(j)?
3
Suppose -76 - 1246 = -2*x. Let n = 38 + x. What is the hundreds digit of n?
6
Suppose 14*s + 6*s + 2480 = 0. Let w = 126 + s. Suppose -4*g = r - 169 - 88, 0 = -w*g + 4*r + 142. What is the units digit of g?
5
Let m(s) = s**3 + 26*s**2 + 45*s - 52. Let k be m(-24). Suppose 4*g - 12 = -b, -2*b - 8*g + 4*g + k = 0. What is the units digit of b?
8
Let l(u) = 4*u**2 - 11*u - 1. Let q(r) = -8*r**2 + 21*r + 3. Let d(b) = -7*l(b) - 4*q(b). What is the units digit of d(-3)?
2
Let i(x) = x**3 - 79*x**2 - 540*x + 185. What is the units digit of i(89)?
5
Let t(s) = 276*s**2 + 47*s - 262. What is the tens digit of t(5)?
7
Suppose 0 = 26*g - 9*g - 306. What is the tens digit of 320*((-1)/7)/(g/(-189))?
8
Let g(i) = -64*i + 9095. What is the hundreds digit of g(118)?
5
Let q be (42/(-18))/((-76)/36 + 2). Suppose -16*f = -q*f + 690. What is the hundreds digit of f?
1
Let l(z) = -1333*z + 7800. What is the hundreds digit of l(-14)?
4
Suppose 32 = m - 3*x, 3*x + 4 = 1. Let q(f) = -f**3 + 32*f**2 - 85*f - 15. What is the units digit of q(m)?
3
Suppose 0 = -5*n + 5*p + 40, 5*n - 9 = -3*p + 7. Suppose -2*q = m - n*q - 2073, 2*m - 4138 = -2*q. Suppose 0 = -18*l + 8*l + m. What is the tens digit of l?
0
Let i = 985 - 1538. Let a = i + 803. What is the units digit of a?
0
Suppose 5*o + 1104 = -4*p - 0*o, p = -4*o - 276. Let h = p + 798. What is the tens digit of h?
2
Let j(t) be the third derivative of -t**4/2 - t**3/6 + 15*t**2. Let q be j(-3). Let f = 43 + q. What is the units digit of f?
8
Let n(k) = 3*k**2 - 5*k - 13. Suppose -14 = -3*r - 4*y, -4*y + 8*y + 66 = 5*r. What is the hundreds digit of n(r)?
2
Suppose -4*u + 3*f + 81 = 0, 2*u - 31 = 3*f + 8. Let g(j) = -10*j - 269. Let k be g(-27). Suppose -k = -y - i + 8, -4*y + u = i. What is the units digit of y?
4
What is the thousands digit of (-4036 - 8)*4/(-16)?
1
Suppose 52440 = 4*h + 4*u, 4*h - 7*h = -2*u - 39355. What is the tens digit of h?
1
Let t = -1185 - -1181. Let m be ((-1)/((-1)/(-2)))/(-2). What is the tens digit of (0 - 12/t) + 73/m?
7
Let x(f) = -2*f**2 + 24*f + 26. Let h be x(12). Suppose 3 = -h*b + 27*b. Suppose 0*c = b*c + 2*w - 446, 0 = -w + 4. What is the units digit of c?
6
Let t(b) = 558*b - 181. Let m be t(5). Let n = m + -1722. What is the tens digit of n?
8
Let b(n) = -n**2 - 292*n + 3435. What is the ten thousands digit of b(-154)?
2
Let h(b) = 58*b + 46. Suppose q = -o + 10, 7*q + 64 = 4*o + 3*q. What is the tens digit of h(o)?
0
Let i be 2*-1*(1131/2 + -3). Let q = i - -2079. What is the tens digit of q?
5
Suppose y = 4*c - 16, 2*y + 0 = c + 3. Suppose -4*j + p + 5 = -2, -j = 2*p - y. Suppose -4*k - 14 = -j*s + 26, k = -4*s + 107. What is the tens digit of s?
2
Suppose 3*q - 1014 + 18 = 0. What is the tens digit of ((-7)/(-7))/(-3 + q/110)?
5
Let i = 245901 + -173790. What is the thousands digit of i?
2
Let d = 155 - 87. Let k = 113 - 147. Let i = d + k. What is the tens digit of i?
3
Suppose -23*f + 33*f = 18600. What is the tens digit of (2/(-10)*-3)/(12/f)?
9
Let n(h) = 90*h + 3. Let d be n(2). Let m = -4 + d. Suppose -3*s + 7*o - 2*o + 206 = 0, -2*s + m = 5*o. What is the units digit of s?
7
Suppose -44 = -6*r - 20. Let z be (-42 + r + 0)/((-4)/6). Suppose 148*h = 151*h - z. What is the units digit of h?
9
Let l(z) = -70*z - 1109. What is the hundreds digit of l(-41)?
7
Suppose -111132 = 195*z - 222*z. What is the tens digit of z?
1
Suppose 1273 = -9*r + 382. What is the hundreds digit of 834/(-4)*66/r?
1
Let u = 7394 + 1654. What is the hundreds digit of u?
0
Suppose -5*f - 192806 = -5*l - 60601, -79339 = -3*l + 5*f. What is the hundreds digit of l?
4
Let f = -154 - -2850. What is the units digit of f?
6
Suppose -5*u = j + 189, -2*u = 12*j - 10*j + 82. Let a = u - -401. What is the hundreds digit of a?
3
Let u = 233 - -119. Suppose 4*m + 3*o - 534 - 225 = 0, 0 = -2*m + 4*o + u. Suppose -12*y = -10*y - m. What is the units digit of y?
3
Let k(v) = 7 + v + 5*v + 0 - 3. Let r be k(-4). What is the units digit of (16/r)/1*300/(-2)?
0
Let f = -271 - -183. Suppose 0 = -4*a + 2*l - 576, 9*a = 4*a - 2*l - 729. Let n = f - a. What is the units digit of n?
7
Suppose -a + 5*w - 925 = -2*a, 3*w = 3*a - 2865. Suppose 0 = 2*c - 7*c + a. Suppose 195 = 11*g - c. What is the units digit of g?
5
Suppose 2*s + 80 = -2*d, -2*d = -3*s - 2*s + 73. Let q = d + 38. What is the tens digit of 156/1 - (0 - 3 - q)?
5
Suppose -5*n - 116 = 4*f, 2*f + 81 = 4*n + 23. Let u = f + 37. What is the tens digit of 1 - 87*u/(-12)?
5
Let z = 4713 + 37849. What is the tens digit of z?
6
Let y(q) = q**3 + q + 1823. Let z be y(0). Suppose -z = -23*h + 10643. What is the hundreds digit of h?
5
Suppose 3*s = -5*s + 15488. Suppose 284 = 12*l - s. What is the units digit of l?
5
Let r(p) = -2047*p - 2353. What is the thousands digit of r(-7)?
1
Suppose 0 = g - 4*c - 48, -4*g = 2*c + 3*c - 255. What is the units digit of 15972/g - 8/(-10)?
7
Let w(m) = m. Let o(n) = -n - 185. Let g(b) = -o(b) - 4*w(b). What is the hundreds digit of g(-31)?
2
Let j(k) be the first derivative of -1 - 11*k + 2*k**2 - 1/4*k**4 - 10/3*k**3. What is the tens digit of j(-11)?
6
Let x = -32589 + 53083. What is the hundreds digit of x?
4
Let z be 1/(-2)*0 + 25. Suppose 6*t + 173 = 617. Let o = t - z. What is the units digit of o?
9
Suppose -14*w + 13*w + 620 = 0. Let d = w + 390. What is the tens digit of d?
1
Let h(q) = 37 - 12 + 48 + 140*q + 91. What is the thousands digit of h(6)?
1
Suppose 0*b = 4*b. Suppose 0 = y - a - 570, b*y - 3*a - 2844 = -5*y. What is the units digit of y?
7
Let u = 14 - 12. 